 68 + 14, -2*z + 74 = 2*o. What is the units digit of o?
2
Let y = -1 - -6. Let q(v) = 6*v. What is the tens digit of q(y)?
3
Let o = 24 - 14. Let v = 13 + o. What is the tens digit of v?
2
Let p = 5 + 0. Let t(r) = 13*r**2 - 2*r - 1. Let u be t(-1). Let q = u - p. What is the units digit of q?
9
Let c be (-1226)/(-10) + 4/10. Suppose -4*j = 5*z - c, -57 = -2*z - 3*j + 4*j. What is the tens digit of z?
2
Let h(n) = 2*n - 1. Let f be h(3). Suppose 0 = 2*y + f - 15. Let b = 6 - y. What is the units digit of b?
1
Let m = 93 - 55. Suppose 3*a - m = 46. What is the tens digit of a?
2
Let k = -2 - -6. What is the units digit of 14/4*k/1?
4
Let b(q) = 6*q - 16. What is the units digit of b(7)?
6
What is the tens digit of (1584/27)/((-6)/(-9))?
8
Let k(j) = 2*j**2 + 22*j + 21. What is the hundreds digit of k(-14)?
1
Suppose 0*x = -3*x + 21. What is the units digit of x?
7
Let w(t) = t**3 - 4*t**2 - 4*t - 4. Let s be w(5). Let f be (s - 3) + 0 + 3. Suppose f = 3*d - 5. What is the units digit of d?
2
What is the units digit of -4*1/14*-21?
6
Suppose 0 = -3*c - 2*b + 6, c - 5*c + 8 = 5*b. Suppose -c*y - 3*d + 6 = 0, -3*y - 4*d = -0*d - 7. Let z = y - -5. What is the units digit of z?
2
Let m = -16 + 60. What is the tens digit of m?
4
Suppose 15*k = 18*k - 246. What is the tens digit of k?
8
Let x = 432 + -217. What is the units digit of x?
5
Suppose 3*k - 6*k + 6 = 0. Suppose f + 42 = -k*f. Let w = f + 22. What is the units digit of w?
8
Suppose 3*x + 28 = -2*k, -2*k + 4*x - 36 = -k. Let f(c) = -c**2 - c - 1. Let y be f(-4). Let a = y - k. What is the units digit of a?
7
Let g(h) be the third derivative of h**5/60 + h**3/6 - 2*h**2. Let c be g(-2). Let o = -1 + c. What is the units digit of o?
4
Let s(v) = -9*v + 90. What is the hundreds digit of s(-26)?
3
Let z(d) = -d**3 - 3*d**2 + d - 9. Let b be z(-4). Suppose 4*g - 25 = 2*r + 77, 3*g = b*r + 81. What is the units digit of g?
4
What is the units digit of (-54)/126 + (-437)/(-7)?
2
Let w(a) = 5*a**2 + 12*a + 4. What is the tens digit of w(-6)?
1
What is the units digit of (33/12)/((-4)/(-48))?
3
Let c = -25 + 18. Let k = c + 7. Suppose 4*b = 3*x - 7 - 4, 5*x - 25 = k. What is the units digit of b?
1
Suppose 3*k + 4*r - 32 = 3, 4*k + r = 25. Suppose 0 = -k*p + 15, 4*l + 4 = 3*p + 7. What is the units digit of l?
3
Let p(d) be the third derivative of -d**6/120 - d**5/15 + d**4/8 - 2*d**3/3 - 3*d**2. What is the units digit of p(-5)?
6
Let b = -2 + 4. Let y(o) = 5 - 2 + b + o. What is the units digit of y(0)?
5
Suppose 6*j - 12 = 3*j. Suppose j = 2*k + 2. What is the units digit of k?
1
Let i(o) = o + 11. Let d = 7 - 15. What is the units digit of i(d)?
3
Suppose g - t - 3*t = 22, -t = 5*g - 89. What is the units digit of g?
8
Let w be 2/(-7) + (-54)/(-42). What is the units digit of (-10 + w)/(6/(-4))?
6
Let p(r) = -r**2 + 4*r + 7. Let w be p(5). Let m = 7 - w. What is the units digit of m?
5
Let h(d) = d + 1. Let p = 4 - 0. Suppose -2*r + r + 6 = 3*j, 0 = 4*r + p*j - 16. What is the units digit of h(r)?
4
Let w be (0 - 0)/(3/(-3)). Let t(s) = -s - 4. Let x be t(-4). What is the units digit of (x - 1) + w + 12?
1
Suppose 4*n + 54 - 358 = 0. Suppose 4*t - 3*s = n, 0*t = -3*t - 3*s + 36. What is the tens digit of t?
1
Let o be 4/(-3) - 4/6. Let f(h) = -h + 2. Let u be f(o). Suppose 0 = u*n - 5 - 3. What is the units digit of n?
2
Let k = -26 + 29. Let h be 0/1 - 96/(-3). Suppose -m = -k*m + h. What is the tens digit of m?
1
Let f(n) = -n**2 - 11*n - 6. Suppose -6*o - 40 = -2*o. Let r be f(o). What is the units digit of (-1 + r)/((-3)/(-2))?
2
Let n = 157 + -102. What is the units digit of n?
5
Let g be (-3)/(6/98)*-1. Let m = 86 - g. What is the tens digit of m?
3
What is the units digit of ((-14)/5)/((-4)/10)?
7
Let g = -22 + 37. Let j = 32 - g. What is the tens digit of j?
1
Suppose -4 = -7*m + 3*m. Let f(q) be the first derivative of 8*q**3/3 - q + 1. What is the units digit of f(m)?
7
Let j = 53 - 7. What is the units digit of j?
6
Let v = 29 + -1. What is the tens digit of v?
2
Let q = -18 - -19. What is the units digit of q?
1
Suppose -24 = -4*q - 2*n, 0 = 3*q + q - 4*n - 12. Suppose 7 = 2*r - 3*h - 3, q*h = -10. Suppose -r*d + 3 = d, 0 = -5*b - d + 96. What is the tens digit of b?
1
Let b be 8/(-28) + 144/14. Let r(c) be the first derivative of c**2 - 11*c - 1. What is the units digit of r(b)?
9
Let j(g) = 12*g + 4. What is the tens digit of j(3)?
4
Suppose -k + 40 = -3*w - 5, 158 = 4*k - w. What is the tens digit of k?
3
Let b = 12 - -9. What is the units digit of b?
1
Let q(m) = m + 3. Let k(o) be the second derivative of o**4/12 - o**3/2 + 2*o**2 - 3*o. Let s be k(3). What is the units digit of q(s)?
7
Let t be 4 - 3/(3/2). Let h be ((-2)/(-4))/(t/12). Suppose o = -h*o + 24. What is the units digit of o?
6
Let z(d) be the third derivative of -13*d**6/120 + d**4/12 + d**3/6 + 2*d**2. What is the tens digit of z(-1)?
1
Suppose 0*p - 4*i - 68 = -4*p, 3*p - i - 55 = 0. What is the tens digit of p?
1
Let n be 3 - (0 + 4/(-2)). Suppose 2*o + 10*r = 5*r + 15, n*o - 3*r - 22 = 0. What is the units digit of o?
5
Suppose 0 = -5*c - 5*g + 170, -3*c - 4*g = 2*c - 165. What is the tens digit of c?
2
Let n be 2/4 - 170/4. Let p = -24 - n. What is the tens digit of p?
1
Let h(t) be the third derivative of t**6/120 + t**5/10 + t**4/12 + t**3/6 + 3*t**2. What is the tens digit of h(-4)?
2
Let d(c) = c**3 - 3*c**2 + 2*c + 2. Let f be d(2). Let v be 120/(-12)*(-24)/10. Suppose -v = -f*n + 6. What is the units digit of n?
5
Let f = 11 + 48. Suppose -c - 5*g = -f, g + 135 = 3*c + 2*g. What is the units digit of c?
4
Suppose -2 - 93 = -5*g. What is the units digit of g?
9
Suppose -2*v + 2 = -2*j - 0, -8 = 4*j - 5*v. Let b be j/(0/(-1) - -1). Suppose -b*f = -f - 18. What is the units digit of f?
9
What is the units digit of -5*4/(-40)*84?
2
Let y = -197 - -315. What is the units digit of y?
8
Suppose 4*g - 49 = 2*w + 3*w, 0 = 3*g - 2*w - 28. What is the units digit of g*(2 - (-5)/(-3))?
2
Let x = 0 + 3. Suppose x*n = 19 + 47. What is the tens digit of n?
2
Let r(c) = 9*c + 2. What is the tens digit of r(2)?
2
Let i(j) = -3*j**3 - 3*j**2 - 2*j. Let w be i(-2). Suppose 2*r - a - 40 = w, 3*r - a - 86 = 0. What is the tens digit of r?
3
Let b(u) be the third derivative of 0 - 2*u**2 - 1/12*u**5 - 1/2*u**3 + 0*u + 1/120*u**6 + 1/8*u**4. What is the units digit of b(5)?
2
Suppose 0*w - 27 = -3*w. Let f be ((-6)/w)/((-2)/9). Suppose -f*u + 8*u = 3*k, 0 = -u - 4*k + 23. What is the units digit of u?
3
What is the tens digit of 4/(-44) + (-5084)/(-22)?
3
Suppose 0 = -16*p + 5*p + 968. What is the units digit of p?
8
Suppose -2*p + 65 = 5*w, -w + 30 = p + 2*w. What is the tens digit of p?
4
Let v = -25 - -52. What is the tens digit of v?
2
Let d(j) = -10*j - 4. What is the units digit of d(-3)?
6
Let c = 9 - 1. Let d be 1/((-1)/(-3)) - -1. What is the units digit of 27/d + 2/c?
7
Let r(m) = m + 7. What is the units digit of r(0)?
7
Let v(j) = -j**3 + 8*j**2 - 7*j + 4. Let i be v(5). Let h = 79 - i. What is the tens digit of h?
3
Let d(z) = 26*z + 23. What is the units digit of d(7)?
5
Let u(k) = -k**2 - k + 23. What is the units digit of u(0)?
3
Let j(r) = 61*r**2 - 3*r - 2. What is the tens digit of j(-1)?
6
Let u(o) = o + 1. Let j be u(-3). Let d = 1 - j. What is the units digit of 16/6*(6 - d)?
8
Let t = 6 - 17. Let i = t - -18. What is the units digit of i?
7
Suppose 2*a - 16 = -3*h, 1 - 6 = -h - a. Let z(d) = -d**2 + 7*d - 2. What is the units digit of z(h)?
4
Let w = -3 - -3. Let h be 0 - w/(0 - 3). Let o = h - -6. What is the units digit of o?
6
Let a(n) = n**3 + 10*n**2 + 9*n. What is the units digit of a(-8)?
6
Let i(f) be the second derivative of -f**5/20 + f**3/2 - f**2 + 3*f. Let j be i(2). What is the units digit of (12 + 0)/((-6)/j)?
8
Suppose -5*y + 15 = 2*a, 2*y = -3*y - 25. What is the units digit of a?
0
Suppose 42 = c - 30. What is the tens digit of c?
7
Suppose u + 2*b - 1 = 0, -2*b = -2*u + 3*b + 47. Let f(i) be the third derivative of i**4/24 - 3*i**3/2 + 3*i**2. What is the units digit of f(u)?
2
Suppose 15*f - 10*f - 445 = 0. What is the units digit of f?
9
Let r(j) = 10*j**2 + 5*j - 3. What is the hundreds digit of r(3)?
1
Suppose 3*r + 2 + 1 = 0. Let c be (r - (-2 - -1))*1. Suppose 4*i - 4*g - 16